{"id":58,"date":"2021-03-01T10:30:21","date_gmt":"2021-03-01T09:30:21","guid":{"rendered":"https:\/\/interactiveguitare.fr\/?page_id=58"},"modified":"2021-09-06T22:09:46","modified_gmt":"2021-09-06T20:09:46","slug":"__trashed-3","status":"publish","type":"page","link":"https:\/\/interactiveguitare.fr\/index.php\/__trashed-3\/","title":{"rendered":"Les Cours"},"content":{"rendered":"\n<p><\/p>\n\n\n\n<p>Contact interactiveguitare@gmail.com<\/p>\n\n\n\n<p><br><strong><span class=\"has-inline-color has-vivid-red-color\">D\u00e9butant<\/span><\/strong><\/p>\n\n\n\n<pre class=\"wp-block-code\"><code>D\u00e9couverte de la guitare\nLes accords et progressions de base\nLes intervalles\nTechnique de base aux doigts et m\u00e9diator\nMise en place sur playback\nReprises (Pop Rock Folk Vari\u00e9t\u00e9 Blues)\nEnregistrement de maquettes en fin de cycle<\/code><\/pre>\n\n\n\n<p><strong><span class=\"has-inline-color has-vivid-red-color\">Interm\u00e9diaire<\/span><\/strong><\/p>\n\n\n\n<pre class=\"wp-block-code\"><code>Les gammes: majeure, mineures, Pentatonique...\nLe blues\nLes bases de l\u2019harmonie\nD\u00e9couvertes des diff\u00e9rentes techniques dans le Rock Blues Country Finger-Picking etc...\nRythmique, travail approfondi\nComment construire un solo\nJouer en groupe et r\u00e9p\u00e9tition\nEnregistrement de maquettes en fin de cycle<\/code><\/pre>\n\n\n\n<p><strong><span class=\"has-inline-color has-vivid-red-color\">Avanc\u00e9<\/span><\/strong><\/p>\n\n\n\n<pre class=\"wp-block-code\"><code>Travail approfondi de la technique suivant le style\ncoordination guitare et chant\nla Guitare et les Choeurs\nD\u00e9couverte du Jazz et de l'improvisation\nLa composition\nL\u2019enregistrement et la gestion du son\nJouer sur sc\u00e8ne<\/code><\/pre>\n","protected":false},"excerpt":{"rendered":"<p>Contact interactiveguitare@gmail.com D\u00e9butant Interm\u00e9diaire Avanc\u00e9<\/p>\n","protected":false},"author":1,"featured_media":0,"parent":0,"menu_order":0,"comment_status":"closed","ping_status":"closed","template":"","meta":{"footnotes":""},"class_list":["post-58","page","type-page","status-publish","hentry"],"_links":{"self":[{"href":"https:\/\/interactiveguitare.fr\/index.php\/wp-json\/wp\/v2\/pages\/58","targetHints":{"allow":["GET"]}}],"collection":[{"href":"https:\/\/interactiveguitare.fr\/index.php\/wp-json\/wp\/v2\/pages"}],"about":[{"href":"https:\/\/interactiveguitare.fr\/index.php\/wp-json\/wp\/v2\/types\/page"}],"author":[{"embeddable":true,"href":"https:\/\/interactiveguitare.fr\/index.php\/wp-json\/wp\/v2\/users\/1"}],"replies":[{"embeddable":true,"href":"https:\/\/interactiveguitare.fr\/index.php\/wp-json\/wp\/v2\/comments?post=58"}],"version-history":[{"count":3,"href":"https:\/\/interactiveguitare.fr\/index.php\/wp-json\/wp\/v2\/pages\/58\/revisions"}],"predecessor-version":[{"id":459,"href":"https:\/\/interactiveguitare.fr\/index.php\/wp-json\/wp\/v2\/pages\/58\/revisions\/459"}],"wp:attachment":[{"href":"https:\/\/interactiveguitare.fr\/index.php\/wp-json\/wp\/v2\/media?parent=58"}],"curies":[{"name":"wp","href":"https:\/\/api.w.org\/{rel}","templated":true}]}}