{"id":12,"date":"2021-02-17T09:41:31","date_gmt":"2021-02-17T08:41:31","guid":{"rendered":"https:\/\/interactiveguitare.fr\/?page_id=12"},"modified":"2021-09-06T22:23:54","modified_gmt":"2021-09-06T20:23:54","slug":"about","status":"publish","type":"page","link":"https:\/\/interactiveguitare.fr\/index.php\/about\/","title":{"rendered":"\u00e0 Propos"},"content":{"rendered":"\t\t<div data-elementor-type=\"wp-page\" data-elementor-id=\"12\" class=\"elementor elementor-12\" data-elementor-settings=\"[]\">\n\t\t\t\t\t\t\t<div class=\"elementor-section-wrap\">\n\t\t\t\t\t\t\t<section class=\"elementor-section elementor-top-section elementor-element elementor-element-39e8dd62 elementor-section-boxed elementor-section-height-default elementor-section-height-default\" data-id=\"39e8dd62\" data-element_type=\"section\">\n\t\t\t\t\t\t<div class=\"elementor-container elementor-column-gap-default\">\n\t\t\t\t\t<div class=\"elementor-column elementor-col-100 elementor-top-column elementor-element elementor-element-5d7357e5\" data-id=\"5d7357e5\" data-element_type=\"column\">\n\t\t\t<div class=\"elementor-widget-wrap elementor-element-populated\">\n\t\t\t\t\t\t\t\t<div class=\"elementor-element elementor-element-4084819a elementor-widget elementor-widget-text-editor\" data-id=\"4084819a\" data-element_type=\"widget\" data-widget_type=\"text-editor.default\">\n\t\t\t\t<div class=\"elementor-widget-container\">\n\t\t\t\t\t\t\t\t<!-- wp:paragraph -->\n<p>Bienvenue sur Interactive Guitare, site d\u00e9di\u00e9 aux cours de guitare de Pascal Duboille alias <a href=\"https:\/\/www.youtube.com\/channel\/UCaneMLb0QqLz9gGtbKtyy-A\" target=\"_blank\" rel=\"noopener\">Paco Lefty-Hand<\/a>\u00a0Guitariste Chanteur .<\/p>\n<!-- \/wp:paragraph --><!-- wp:paragraph -->\n<p>Pascal joue durant son adolescence dans des formations rock, apprend le chant classique au conservatoire de Cergy ainsi que la basse chez Paul Beuscher.\u00a0<br \/>Au d\u00e9but des ann\u00e9es 90 alors qu&#8217;il d\u00e9bute une longue carri\u00e8re de m\u00e9diath\u00e9caire musical, il se passionne pour la guitare et la p\u00e9dagogie. Il commence par jouer du blues et pour faire \u00e9voluer son jeu \u00e9tudie les diff\u00e9rentes techniques utilis\u00e9es dans le rock, le hard-m\u00e9tal, la country, mais \u00e9galement le jazz et le finger-picking pour l&#8217;acoustique.<br \/>Ce m\u00e9tier qu&#8217;il a exerc\u00e9 pendant plus de 25 ans, en parall\u00e8le de l&#8217;enseignement de la guitare , lui a permis d&#8217;acqu\u00e9rir une solide culture\u00a0 musicale qui l&#8217;a conduit \u00e0 enseigner en \u00e9cole ( actuellement \u00e0 Morainvillier) et \u00e0 animer des ateliers d&#8217;initiation \u00e0 la pratique instrumentale .<\/p>\n<p>\u00a0Il participe \u00e9galement \u00e0 la production de plusieurs albums et projets dont vous pouvez \u00e9couter quelques extraits dans les rubriques <a href=\"https:\/\/interactiveguitare.fr\/index.php\/videos\/\" target=\"_blank\" rel=\"noopener\">Vid\u00e9os<\/a>\u00a0<a href=\"https:\/\/interactiveguitare.fr\/index.php\/liens\/\" target=\"_blank\" rel=\"noopener\">Musique<\/a> et <a href=\"https:\/\/interactiveguitare.fr\/index.php\/actualite\/\" target=\"_blank\" rel=\"noopener\">Actualit\u00e9<\/a> \u00a0<\/p>\n<p><br \/>Travailleur infatigable, Pascal qui se produit tr\u00e8s souvent sur sc\u00e8ne avec diff\u00e9rentes Formations en tant que leader ou accompagnateur (<a href=\"https:\/\/www.bigdez.com\/\" target=\"_blank\" rel=\"noopener\">Big Dez<\/a> <a href=\"https:\/\/www.youtube.com\/channel\/UCp0LTWdWCPvI1nXOZohw-xw\" target=\"_blank\" rel=\"noopener\">The Ride<\/a> <a href=\"https:\/\/www.youtube.com\/channel\/UC2Mb7RafEK8eZYb3To9MFFQ\">Swampini <\/a>\u00a0) saura vous transmettre la motivation n\u00e9cessaire pour pratiquer r\u00e9guli\u00e8rement et progresser rapidement.<\/p>\n<!-- \/wp:paragraph --><!-- wp:image {\"id\":190,\"sizeSlug\":\"large\",\"linkDestination\":\"none\",\"className\":\"is-style-default\"} -->\n<figure class=\"wp-block-image size-large is-style-default\"><img loading=\"lazy\" decoding=\"async\" width=\"782\" height=\"519\" class=\"wp-image-190\" src=\"https:\/\/interactiveguitare.fr\/wp-content\/uploads\/2021\/07\/b-2.jpg\" alt=\"\" srcset=\"https:\/\/interactiveguitare.fr\/wp-content\/uploads\/2021\/07\/b-2.jpg 782w, https:\/\/interactiveguitare.fr\/wp-content\/uploads\/2021\/07\/b-2-300x199.jpg 300w, https:\/\/interactiveguitare.fr\/wp-content\/uploads\/2021\/07\/b-2-768x510.jpg 768w, https:\/\/interactiveguitare.fr\/wp-content\/uploads\/2021\/07\/b-2-600x398.jpg 600w, https:\/\/interactiveguitare.fr\/wp-content\/uploads\/2021\/07\/b-2-400x265.jpg 400w\" sizes=\"auto, (max-width: 782px) 100vw, 782px\" \/><\/figure>\n<!-- \/wp:image --><!-- wp:paragraph -->\n<p>\u00a0<\/p>\n<!-- \/wp:paragraph -->\t\t\t\t\t\t<\/div>\n\t\t\t\t<\/div>\n\t\t\t\t\t<\/div>\n\t\t<\/div>\n\t\t\t\t\t\t\t<\/div>\n\t\t<\/section>\n\t\t\t\t\t\t<\/div>\n\t\t\t\t\t<\/div>\n\t\t","protected":false},"excerpt":{"rendered":"<p>Bienvenue sur Interactive Guitare, site d\u00e9di\u00e9 aux cours de guitare de Pascal Duboille alias Paco Lefty-Hand&nbsp;Guitariste Chanteur . Pascal joue durant son adolescence dans des formations rock, apprend le chant&hellip;<a href=\"https:\/\/interactiveguitare.fr\/index.php\/about\/\" class=\"more-link\"><span class=\"more-button\">Continue reading<span class=\"screen-reader-text\">\u00e0 Propos<\/span><\/span><\/a><\/p>\n","protected":false},"author":1,"featured_media":0,"parent":0,"menu_order":1,"comment_status":"closed","ping_status":"closed","template":"","meta":{"footnotes":""},"class_list":["post-12","page","type-page","status-publish","hentry"],"_links":{"self":[{"href":"https:\/\/interactiveguitare.fr\/index.php\/wp-json\/wp\/v2\/pages\/12","targetHints":{"allow":["GET"]}}],"collection":[{"href":"https:\/\/interactiveguitare.fr\/index.php\/wp-json\/wp\/v2\/pages"}],"about":[{"href":"https:\/\/interactiveguitare.fr\/index.php\/wp-json\/wp\/v2\/types\/page"}],"author":[{"embeddable":true,"href":"https:\/\/interactiveguitare.fr\/index.php\/wp-json\/wp\/v2\/users\/1"}],"replies":[{"embeddable":true,"href":"https:\/\/interactiveguitare.fr\/index.php\/wp-json\/wp\/v2\/comments?post=12"}],"version-history":[{"count":65,"href":"https:\/\/interactiveguitare.fr\/index.php\/wp-json\/wp\/v2\/pages\/12\/revisions"}],"predecessor-version":[{"id":466,"href":"https:\/\/interactiveguitare.fr\/index.php\/wp-json\/wp\/v2\/pages\/12\/revisions\/466"}],"wp:attachment":[{"href":"https:\/\/interactiveguitare.fr\/index.php\/wp-json\/wp\/v2\/media?parent=12"}],"curies":[{"name":"wp","href":"https:\/\/api.w.org\/{rel}","templated":true}]}}